{"id":2332,"date":"2025-06-29T19:39:25","date_gmt":"2025-06-29T19:39:25","guid":{"rendered":"https:\/\/neudodesigner.com.br\/?page_id=2332"},"modified":"2025-09-29T14:27:15","modified_gmt":"2025-09-29T14:27:15","slug":"e-books","status":"publish","type":"page","link":"https:\/\/neudodesigner.com.br\/index.php\/e-books\/","title":{"rendered":"e-Books"},"content":{"rendered":"\t\t<div data-elementor-type=\"wp-page\" data-elementor-id=\"2332\" class=\"elementor elementor-2332\">\n\t\t\t\t\t\t<section class=\"elementor-section elementor-top-section elementor-element elementor-element-804ce91 elementor-section-boxed elementor-section-height-default elementor-section-height-default\" data-id=\"804ce91\" data-element_type=\"section\">\n\t\t\t\t\t\t<div class=\"elementor-container elementor-column-gap-default\">\n\t\t\t\t\t<div class=\"elementor-column elementor-col-100 elementor-top-column elementor-element elementor-element-a1a5282\" data-id=\"a1a5282\" data-element_type=\"column\">\n\t\t\t<div class=\"elementor-widget-wrap\">\n\t\t\t\t\t\t\t<\/div>\n\t\t<\/div>\n\t\t\t\t\t<\/div>\n\t\t<\/section>\n\t\t\t\t<section class=\"elementor-section elementor-top-section elementor-element elementor-element-7727169 elementor-section-boxed elementor-section-height-default elementor-section-height-default\" data-id=\"7727169\" data-element_type=\"section\">\n\t\t\t\t\t\t<div class=\"elementor-container elementor-column-gap-default\">\n\t\t\t\t\t<div class=\"elementor-column elementor-col-100 elementor-top-column elementor-element elementor-element-d18f697\" data-id=\"d18f697\" data-element_type=\"column\">\n\t\t\t<div class=\"elementor-widget-wrap elementor-element-populated\">\n\t\t\t\t\t\t<div class=\"elementor-element elementor-element-9609c00 elementor-widget__width-initial elementor-widget-mobile__width-initial elementor-widget elementor-widget-heading\" data-id=\"9609c00\" data-element_type=\"widget\" data-widget_type=\"heading.default\">\n\t\t\t\t<div class=\"elementor-widget-container\">\n\t\t\t\t\t<h2 class=\"elementor-heading-title elementor-size-default\">e-<i>Book's<\/i><\/h2>\t\t\t\t<\/div>\n\t\t\t\t<\/div>\n\t\t\t\t<div class=\"elementor-element elementor-element-d13e168 elementor-widget elementor-widget-text-editor\" data-id=\"d13e168\" data-element_type=\"widget\" data-widget_type=\"text-editor.default\">\n\t\t\t\t<div class=\"elementor-widget-container\">\n\t\t\t\t\t\t\t\t\t<p>\u00a0 \u00a0 \u00a0 \u00a0Tamb\u00e9m escrito como <i>eBook<\/i> ou livro eletr\u00f4nico, e-<em>Book<\/em> \u00e9 um livro em formato digital que pode ser lido em dispositivos eletr\u00f4nicos como computadores, <i>notebooks<\/i>,\u00a0<i>tablets<\/i>\u00a0e <i>smartphones<\/i>. Portanto trata-se de uma vers\u00e3o digital de um livro, com conte\u00fado textual, imagens, ou ambos, que pode ser acessado e lido em telas.\u00a0<\/p><p>\u00a0 \u00a0 \u00a0 \u00a0Conhe\u00e7a e adquira seu e-<i>Book<\/i> clicando nos <i>links<\/i> abaixo e aproveite os valores promocionais.<\/p>\t\t\t\t\t\t\t\t<\/div>\n\t\t\t\t<\/div>\n\t\t\t\t\t<\/div>\n\t\t<\/div>\n\t\t\t\t\t<\/div>\n\t\t<\/section>\n\t\t\t\t<section class=\"elementor-section elementor-top-section elementor-element elementor-element-9e670bf elementor-section-boxed elementor-section-height-default elementor-section-height-default\" data-id=\"9e670bf\" data-element_type=\"section\">\n\t\t\t\t\t\t<div class=\"elementor-container elementor-column-gap-default\">\n\t\t\t\t\t<div class=\"elementor-column elementor-col-33 elementor-top-column elementor-element elementor-element-6d4dd2e\" data-id=\"6d4dd2e\" data-element_type=\"column\">\n\t\t\t<div class=\"elementor-widget-wrap elementor-element-populated\">\n\t\t\t\t\t\t<div class=\"elementor-element elementor-element-95b72ca elementor-widget elementor-widget-image\" data-id=\"95b72ca\" data-element_type=\"widget\" data-widget_type=\"image.default\">\n\t\t\t\t<div class=\"elementor-widget-container\">\n\t\t\t\t\t\t\t\t\t\t\t\t\t\t\t\t<a href=\"https:\/\/neudodesigner.com.br\/index.php\/landingpage_iv\/\">\n\t\t\t\t\t\t\t<img fetchpriority=\"high\" decoding=\"async\" width=\"300\" height=\"300\" src=\"https:\/\/neudodesigner.com.br\/wp-content\/uploads\/2025\/06\/e-Book-Identidade-Visual-Hotmart-300x300.png\" class=\"attachment-medium size-medium wp-image-1753\" alt=\"\" srcset=\"https:\/\/neudodesigner.com.br\/wp-content\/uploads\/2025\/06\/e-Book-Identidade-Visual-Hotmart-300x300.png 300w, https:\/\/neudodesigner.com.br\/wp-content\/uploads\/2025\/06\/e-Book-Identidade-Visual-Hotmart-150x150.png 150w, https:\/\/neudodesigner.com.br\/wp-content\/uploads\/2025\/06\/e-Book-Identidade-Visual-Hotmart.png 600w\" sizes=\"(max-width: 300px) 100vw, 300px\" \/>\t\t\t\t\t\t\t\t<\/a>\n\t\t\t\t\t\t\t\t\t\t\t\t\t\t\t<\/div>\n\t\t\t\t<\/div>\n\t\t\t\t\t<\/div>\n\t\t<\/div>\n\t\t\t\t<div class=\"elementor-column elementor-col-33 elementor-top-column elementor-element elementor-element-2192476\" data-id=\"2192476\" data-element_type=\"column\">\n\t\t\t<div class=\"elementor-widget-wrap elementor-element-populated\">\n\t\t\t\t\t\t<div class=\"elementor-element elementor-element-4d52773 elementor-widget elementor-widget-image\" data-id=\"4d52773\" data-element_type=\"widget\" data-widget_type=\"image.default\">\n\t\t\t\t<div class=\"elementor-widget-container\">\n\t\t\t\t\t\t\t\t\t\t\t\t\t\t\t\t<a href=\"https:\/\/neudodesigner.com.br\/index.php\/e-book-vitoria-sobre-a-escuridao\/\">\n\t\t\t\t\t\t\t<img decoding=\"async\" width=\"300\" height=\"300\" src=\"https:\/\/neudodesigner.com.br\/wp-content\/uploads\/2025\/09\/Capa-Hotnart-e-Book-Vitoria-sobre-a-escuridao-Guia-biblico-para-sair-da-depressao-1-300x300.png\" class=\"attachment-medium size-medium wp-image-2893\" alt=\"\" srcset=\"https:\/\/neudodesigner.com.br\/wp-content\/uploads\/2025\/09\/Capa-Hotnart-e-Book-Vitoria-sobre-a-escuridao-Guia-biblico-para-sair-da-depressao-1-300x300.png 300w, https:\/\/neudodesigner.com.br\/wp-content\/uploads\/2025\/09\/Capa-Hotnart-e-Book-Vitoria-sobre-a-escuridao-Guia-biblico-para-sair-da-depressao-1-150x150.png 150w, https:\/\/neudodesigner.com.br\/wp-content\/uploads\/2025\/09\/Capa-Hotnart-e-Book-Vitoria-sobre-a-escuridao-Guia-biblico-para-sair-da-depressao-1.png 603w\" sizes=\"(max-width: 300px) 100vw, 300px\" \/>\t\t\t\t\t\t\t\t<\/a>\n\t\t\t\t\t\t\t\t\t\t\t\t\t\t\t<\/div>\n\t\t\t\t<\/div>\n\t\t\t\t\t<\/div>\n\t\t<\/div>\n\t\t\t\t<div class=\"elementor-column elementor-col-33 elementor-top-column elementor-element elementor-element-fe6d8de\" data-id=\"fe6d8de\" data-element_type=\"column\">\n\t\t\t<div class=\"elementor-widget-wrap elementor-element-populated\">\n\t\t\t\t\t\t<div class=\"elementor-element elementor-element-d32214e elementor-widget elementor-widget-image\" data-id=\"d32214e\" data-element_type=\"widget\" data-widget_type=\"image.default\">\n\t\t\t\t<div class=\"elementor-widget-container\">\n\t\t\t\t\t\t\t\t\t\t\t\t\t\t\t\t<a href=\"https:\/\/neudodesigner.com.br\/index.php\/e-book-reflexoes-para-a-vida\/\">\n\t\t\t\t\t\t\t<img decoding=\"async\" width=\"300\" height=\"300\" src=\"https:\/\/neudodesigner.com.br\/wp-content\/uploads\/2025\/06\/Capa-e-Book-Reflexoes-para-a-Vida-300x300.png\" class=\"attachment-medium size-medium wp-image-2258\" alt=\"\" srcset=\"https:\/\/neudodesigner.com.br\/wp-content\/uploads\/2025\/06\/Capa-e-Book-Reflexoes-para-a-Vida-300x300.png 300w, https:\/\/neudodesigner.com.br\/wp-content\/uploads\/2025\/06\/Capa-e-Book-Reflexoes-para-a-Vida-150x150.png 150w, https:\/\/neudodesigner.com.br\/wp-content\/uploads\/2025\/06\/Capa-e-Book-Reflexoes-para-a-Vida.png 600w\" sizes=\"(max-width: 300px) 100vw, 300px\" \/>\t\t\t\t\t\t\t\t<\/a>\n\t\t\t\t\t\t\t\t\t\t\t\t\t\t\t<\/div>\n\t\t\t\t<\/div>\n\t\t\t\t\t<\/div>\n\t\t<\/div>\n\t\t\t\t\t<\/div>\n\t\t<\/section>\n\t\t\t\t<\/div>\n\t\t","protected":false},"excerpt":{"rendered":"<p>e-Book&#8217;s \u00a0 \u00a0 \u00a0 \u00a0Tamb\u00e9m escrito como eBook ou livro eletr\u00f4nico, e-Book \u00e9 um livro em formato digital que pode ser lido em dispositivos eletr\u00f4nicos como computadores, notebooks,\u00a0tablets\u00a0e smartphones. Portanto trata-se de uma vers\u00e3o digital de um livro, com conte\u00fado textual, imagens, ou ambos, que pode ser acessado e lido em telas.\u00a0 \u00a0 \u00a0 \u00a0 [&hellip;]<\/p>\n","protected":false},"author":1,"featured_media":0,"parent":0,"menu_order":0,"comment_status":"closed","ping_status":"closed","template":"","meta":{"_exactmetrics_skip_tracking":false,"_exactmetrics_sitenote_active":false,"_exactmetrics_sitenote_note":"","_exactmetrics_sitenote_category":0,"site-sidebar-layout":"no-sidebar","site-content-layout":"page-builder","ast-site-content-layout":"full-width-container","site-content-style":"default","site-sidebar-style":"default","ast-global-header-display":"","ast-banner-title-visibility":"","ast-main-header-display":"","ast-hfb-above-header-display":"","ast-hfb-below-header-display":"","ast-hfb-mobile-header-display":"","site-post-title":"disabled","ast-breadcrumbs-content":"","ast-featured-img":"disabled","footer-sml-layout":"","ast-disable-related-posts":"","theme-transparent-header-meta":"","adv-header-id-meta":"","stick-header-meta":"","header-above-stick-meta":"","header-main-stick-meta":"","header-below-stick-meta":"","astra-migrate-meta-layouts":"set","ast-page-background-enabled":"default","ast-page-background-meta":{"desktop":{"background-color":"var(--ast-global-color-4)","background-image":"","background-repeat":"repeat","background-position":"center center","background-size":"auto","background-attachment":"scroll","background-type":"","background-media":"","overlay-type":"","overlay-color":"","overlay-opacity":"","overlay-gradient":""},"tablet":{"background-color":"","background-image":"","background-repeat":"repeat","background-position":"center center","background-size":"auto","background-attachment":"scroll","background-type":"","background-media":"","overlay-type":"","overlay-color":"","overlay-opacity":"","overlay-gradient":""},"mobile":{"background-color":"","background-image":"","background-repeat":"repeat","background-position":"center center","background-size":"auto","background-attachment":"scroll","background-type":"","background-media":"","overlay-type":"","overlay-color":"","overlay-opacity":"","overlay-gradient":""}},"ast-content-background-meta":{"desktop":{"background-color":"var(--ast-global-color-5)","background-image":"","background-repeat":"repeat","background-position":"center center","background-size":"auto","background-attachment":"scroll","background-type":"","background-media":"","overlay-type":"","overlay-color":"","overlay-opacity":"","overlay-gradient":""},"tablet":{"background-color":"var(--ast-global-color-5)","background-image":"","background-repeat":"repeat","background-position":"center center","background-size":"auto","background-attachment":"scroll","background-type":"","background-media":"","overlay-type":"","overlay-color":"","overlay-opacity":"","overlay-gradient":""},"mobile":{"background-color":"var(--ast-global-color-5)","background-image":"","background-repeat":"repeat","background-position":"center center","background-size":"auto","background-attachment":"scroll","background-type":"","background-media":"","overlay-type":"","overlay-color":"","overlay-opacity":"","overlay-gradient":""}},"footnotes":""},"class_list":["post-2332","page","type-page","status-publish","hentry"],"_links":{"self":[{"href":"https:\/\/neudodesigner.com.br\/index.php\/wp-json\/wp\/v2\/pages\/2332","targetHints":{"allow":["GET"]}}],"collection":[{"href":"https:\/\/neudodesigner.com.br\/index.php\/wp-json\/wp\/v2\/pages"}],"about":[{"href":"https:\/\/neudodesigner.com.br\/index.php\/wp-json\/wp\/v2\/types\/page"}],"author":[{"embeddable":true,"href":"https:\/\/neudodesigner.com.br\/index.php\/wp-json\/wp\/v2\/users\/1"}],"replies":[{"embeddable":true,"href":"https:\/\/neudodesigner.com.br\/index.php\/wp-json\/wp\/v2\/comments?post=2332"}],"version-history":[{"count":163,"href":"https:\/\/neudodesigner.com.br\/index.php\/wp-json\/wp\/v2\/pages\/2332\/revisions"}],"predecessor-version":[{"id":2912,"href":"https:\/\/neudodesigner.com.br\/index.php\/wp-json\/wp\/v2\/pages\/2332\/revisions\/2912"}],"wp:attachment":[{"href":"https:\/\/neudodesigner.com.br\/index.php\/wp-json\/wp\/v2\/media?parent=2332"}],"curies":[{"name":"wp","href":"https:\/\/api.w.org\/{rel}","templated":true}]}}